{"id":23523,"date":"2025-11-26T16:37:29","date_gmt":"2025-11-26T15:37:29","guid":{"rendered":"https:\/\/adventupuli.hr\/dogadaj\/big-band-pula\/"},"modified":"2025-11-26T16:38:48","modified_gmt":"2025-11-26T15:38:48","slug":"big-band-pula","status":"publish","type":"etn","link":"https:\/\/adventupuli.hr\/en\/dogadaj\/big-band-pula\/","title":{"rendered":"Big Band Pula"},"content":{"rendered":"<p>Big Band Pula, jedan od najaktivnijih istarskih jazz orkestara, izvest \u0107e odabrani program swing klasika i big-band standarda. Ansambl je poznat po \u017eivahnim aran\u017emanima i vrhunskoj sekcijskoj preciznosti, a redovito nastupa na koncertima, festivalima i manifestacijama diljem regije.<br \/>\nNa ovom koncertu pridru\u017eit \u0107e im se njihov \u010desti gost \u2013 vokalni solist Daniele Ferro, \u010diji je energi\u010dni i profinjeni scenski nastup dodatna vrijednost big-band izvedbama. Publiku o\u010dekuje dinami\u010dna ve\u010der ispunjena ritmovima swinga, jazza i evergreena.<\/p>\n","protected":false},"excerpt":{"rendered":"<p>Big Band Pula, jedan od najaktivnijih istarskih jazz orkestara, izvest \u0107e odabrani program swing klasika i big-band standarda. Ansambl je poznat po \u017eivahnim aran\u017emanima i vrhunskoj sekcijskoj preciznosti, a redovito nastupa na koncertima, festivalima i manifestacijama diljem regije. Na ovom koncertu pridru\u017eit \u0107e im se njihov \u010desti gost \u2013 vokalni solist Daniele Ferro, \u010diji je [&hellip;]<\/p>\n","protected":false},"author":1,"featured_media":23518,"parent":0,"template":"","etn_category":[455],"etn_tags":[],"class_list":["post-23523","etn","type-etn","status-publish","has-post-thumbnail","hentry","event_location-pula-center-market","etn_category-music-programme"],"acf":[],"aioseo_notices":[],"_links":{"self":[{"href":"https:\/\/adventupuli.hr\/en\/wp-json\/wp\/v2\/etn\/23523","targetHints":{"allow":["GET"]}}],"collection":[{"href":"https:\/\/adventupuli.hr\/en\/wp-json\/wp\/v2\/etn"}],"about":[{"href":"https:\/\/adventupuli.hr\/en\/wp-json\/wp\/v2\/types\/etn"}],"author":[{"embeddable":true,"href":"https:\/\/adventupuli.hr\/en\/wp-json\/wp\/v2\/users\/1"}],"version-history":[{"count":1,"href":"https:\/\/adventupuli.hr\/en\/wp-json\/wp\/v2\/etn\/23523\/revisions"}],"predecessor-version":[{"id":23526,"href":"https:\/\/adventupuli.hr\/en\/wp-json\/wp\/v2\/etn\/23523\/revisions\/23526"}],"wp:featuredmedia":[{"embeddable":true,"href":"https:\/\/adventupuli.hr\/en\/wp-json\/wp\/v2\/media\/23518"}],"wp:attachment":[{"href":"https:\/\/adventupuli.hr\/en\/wp-json\/wp\/v2\/media?parent=23523"}],"wp:term":[{"taxonomy":"etn_category","embeddable":true,"href":"https:\/\/adventupuli.hr\/en\/wp-json\/wp\/v2\/etn_category?post=23523"},{"taxonomy":"etn_tags","embeddable":true,"href":"https:\/\/adventupuli.hr\/en\/wp-json\/wp\/v2\/etn_tags?post=23523"}],"curies":[{"name":"wp","href":"https:\/\/api.w.org\/{rel}","templated":true}]}}

<p>Big Band Pula, jedan od najaktivnijih istarskih jazz orkestara, izvest će odabrani program swing klasika i big-band standarda. Ansambl je poznat po živahnim aranžmanima i vrhunskoj sekcijskoj preciznosti, a redovito nastupa na koncertima, festivalima i manifestacijama diljem regije.<br />
Na ovom koncertu pridružit će im se njihov česti gost – vokalni solist Daniele Ferro, čiji je energični i profinjeni scenski nastup dodatna vrijednost big-band izvedbama. Publiku očekuje dinamična večer ispunjena ritmovima swinga, jazza i evergreena.</p>

<p>Big Band Pula, jedan od najaktivnijih istarskih jazz orkestara, izvest će odabrani program swing klasika i big-band standarda. Ansambl je poznat po živahnim aranžmanima i vrhunskoj sekcijskoj preciznosti, a redovito nastupa na koncertima, festivalima i manifestacijama diljem regije. Na ovom koncertu pridružit će im se njihov česti gost – vokalni solist Daniele Ferro, čiji je [&hellip;]</p>
