{"id":22138,"date":"2025-11-11T11:11:36","date_gmt":"2025-11-11T10:11:36","guid":{"rendered":"https:\/\/adventupuli.hr\/dogadaj\/uo-loft-orasar-i-misonja-predstava\/"},"modified":"2025-11-11T11:12:10","modified_gmt":"2025-11-11T10:12:10","slug":"uo-loft-orasar-i-misonja-predstava","status":"publish","type":"etn","link":"https:\/\/adventupuli.hr\/en\/dogadaj\/uo-loft-orasar-i-misonja-predstava\/","title":{"rendered":"UO LOFT &#8211; Ora\u0161ar i Mi\u0161onja, predstava"},"content":{"rendered":"<p>Djevoj\u010dica Marica, pod utjecajem pri\u010da koje je \u010dula i svoje bujne ma\u0161te upada u svijet snova, lutaka i pri\u010da iz davnina. Igra svjetla i sjene u ovom \u201eOra\u0161aru\u201c stvara iluziju \u2013 onu koja nas pod okriljem no\u0107i i kazali\u0161ta mo\u017ee obuzeti, za\u010darati, odu\u0161eviti i zaprepastiti.<\/p>\n","protected":false},"excerpt":{"rendered":"<p>Djevoj\u010dica Marica, pod utjecajem pri\u010da koje je \u010dula i svoje bujne ma\u0161te upada u svijet snova, lutaka i pri\u010da iz davnina. Igra svjetla i sjene u ovom \u201eOra\u0161aru\u201c stvara iluziju \u2013 onu koja nas pod okriljem no\u0107i i kazali\u0161ta mo\u017ee obuzeti, za\u010darati, odu\u0161eviti i zaprepastiti.<\/p>\n","protected":false},"author":1,"featured_media":22135,"parent":0,"template":"","etn_category":[456],"etn_tags":[],"class_list":["post-22138","etn","type-etn","status-publish","has-post-thumbnail","hentry","event_location-graz-city-park","etn_category-childrens-programme"],"acf":[],"aioseo_notices":[],"_links":{"self":[{"href":"https:\/\/adventupuli.hr\/en\/wp-json\/wp\/v2\/etn\/22138","targetHints":{"allow":["GET"]}}],"collection":[{"href":"https:\/\/adventupuli.hr\/en\/wp-json\/wp\/v2\/etn"}],"about":[{"href":"https:\/\/adventupuli.hr\/en\/wp-json\/wp\/v2\/types\/etn"}],"author":[{"embeddable":true,"href":"https:\/\/adventupuli.hr\/en\/wp-json\/wp\/v2\/users\/1"}],"version-history":[{"count":1,"href":"https:\/\/adventupuli.hr\/en\/wp-json\/wp\/v2\/etn\/22138\/revisions"}],"predecessor-version":[{"id":22139,"href":"https:\/\/adventupuli.hr\/en\/wp-json\/wp\/v2\/etn\/22138\/revisions\/22139"}],"wp:featuredmedia":[{"embeddable":true,"href":"https:\/\/adventupuli.hr\/en\/wp-json\/wp\/v2\/media\/22135"}],"wp:attachment":[{"href":"https:\/\/adventupuli.hr\/en\/wp-json\/wp\/v2\/media?parent=22138"}],"wp:term":[{"taxonomy":"etn_category","embeddable":true,"href":"https:\/\/adventupuli.hr\/en\/wp-json\/wp\/v2\/etn_category?post=22138"},{"taxonomy":"etn_tags","embeddable":true,"href":"https:\/\/adventupuli.hr\/en\/wp-json\/wp\/v2\/etn_tags?post=22138"}],"curies":[{"name":"wp","href":"https:\/\/api.w.org\/{rel}","templated":true}]}}

UO LOFT &#8211; Orašar i Mišonja, predstava

<p>Djevojčica Marica, pod utjecajem priča koje je čula i svoje bujne mašte upada u svijet snova, lutaka i priča iz davnina. Igra svjetla i sjene u ovom „Orašaru“ stvara iluziju – onu koja nas pod okriljem noći i kazališta može obuzeti, začarati, oduševiti i zaprepastiti.</p>
